8*i + 425. Determine f(32).
-23
Let a(z) = -2*z**3 - 2854*z**2 - 16738*z + 1897. Calculate a(-6).
13
Let a(h) = -30*h**3 + 2075*h**2 - 392*h + 3245. What is a(69)?
2
Let p(w) = -1262*w + 26764. Determine p(21).
262
Let m(r) = r**2 - 8251*r + 4484606. Give m(585).
-4
Let f(x) = -397*x - 8320. Calculate f(-9).
-4747
Let v(b) = -2*b**2 + 480*b + 32144. Calculate v(295).
-306
Let w(v) = -v**2 - 52*v + 576. Determine w(13).
-269
Let b(w) = w**3 + 246*w**2 - 37773*w + 209. Give b(107).
-5
Let a(w) = -2*w**2 + 2729*w + 40819. Calculate a(-15).
-566
Let t(u) = 211959*u + 2119504. Give t(-10).
-86
Let m(j) = 2706*j + 67671. What is m(-25)?
21
Let a(i) = -i**3 + 153*i**2 + 597*i - 12. Give a(-4).
112
Let w(u) = 12*u**3 - 36*u**2 - 6*u + 19. Calculate w(3).
1
Let f(s) = 950*s + 222492. What is f(-234)?
192
Let u(x) = -x**3 + 60*x**2 + 255*x + 130. Give u(64).
66
Let n(s) = -14813*s - 2666368. What is n(-180)?
-28
Let a(d) = -4818*d - 587835. Calculate a(-122).
-39
Let c(m) = m**3 - 96*m**2 - 904*m - 576. Calculate c(-8).
0
Let m(w) = w**3 + 91*w**2 + 76*w + 6922. Determine m(-91).
6
Let w(j) = -j**3 - 121*j**2 - 1213*j - 251. Calculate w(-110).
79
Let t(k) = -5*k**2 - 626*k - 2096. Determine t(-5).
909
Let x(h) = -450*h**3 - 10*h**2 + 46*h + 54. Give x(-1).
448
Let g(l) = -3624*l**2 + 97829*l + 467. Give g(27).
-46
Let s(r) = -11*r**2 + 14720*r - 2683. Determine s(1338).
-7
Let l(o) = -o**2 - 3656*o - 10937. What is l(-3)?
22
Let m(a) = -50*a**2 + 2843*a + 505. Determine m(57).
106
Let l(d) = -d**3 - 53*d**2 + 557*d - 279. Calculate l(9).
-288
Let u(a) = -828*a**3 - 10*a**2 + 30*a - 16. Give u(1).
-824
Let u(r) = 923*r + 28657. Determine u(-31).
44
Let g(u) = 47638*u + 714560. Give g(-15).
-10
Let h(x) = -24*x**2 + 5955*x - 630. Calculate h(248).
114
Let y(f) = -6*f**2 - 371*f - 1437. Determine y(-4).
-49
Let c(g) = -14*g**2 + 413*g + 134. Determine c(30).
-76
Let q(h) = -77942*h - 1247064. What is q(-16)?
8
Let f(y) = 3008*y + 59962. Give f(-20).
-198
Let d(c) = c**2 + 40*c + 160. Determine d(-4).
16
Let s(x) = -889*x**3 + x**2 - 5*x + 2. Calculate s(1).
-891
Let m(c) = 57*c**2 - 7*c - 477. Give m(0).
-477
Let c(g) = g**3 - 46*g**2 - 34410*g - 6300. Give c(210).
0
Let b(p) = -199*p - 35537. What is b(-179)?
84
Let o(r) = -258*r - 1823. What is o(-11)?
1015
Let q(s) = -22*s**2 - 87*s + 180. Give q(2).
-82
Let j(h) = 3*h**2 - 1921*h + 221611. Give j(151).
-57
Let x(u) = 2*u**2 + 414*u - 27487. Give x(53).
73
Let m(c) = -c**3 + 61*c**2 - 887*c + 1114. Give m(39).
-17
Let i(w) = -w**3 + 137*w**2 - 3425*w - 717. Determine i(104).
11
Let m(x) = 248*x - 661. What is m(6)?
827
Let i(h) = 32*h**2 - 101*h + 428. Give i(-8).
3284
Let y(x) = x**3 + 154*x**2 + 14*x + 192. Give y(-154).
-1964
Let x(w) = -2188*w - 1118147. Calculate x(-511).
-79
Let n(f) = -467*f - 21199. Determine n(-45).
-184
Let r(b) = 103*b**2 - 1084*b + 3253. What is r(3)?
928
Let n(s) = -s**3 + 483*s**2 + 3159*s - 1754967. Give n(482).
-5
Let h(b) = -528*b**3 + 18*b**2 - 11*b - 10. What is h(1)?
-531
Let s(n) = -n**2 - 47*n + 5202. Calculate s(49).
498
Let s(x) = 121*x**2 + 5472*x + 1181. Give s(-45).
-34
Let b(n) = 1132*n + 20338. Calculate b(-18).
-38
Let c(i) = 112*i - 6969. Determine c(42).
-2265
Let a(g) = -g**3 + 2605*g**2 + 28649*g + 332239. What is a(2616)?
7
Let x(d) = 21582*d + 86339. Determine x(-4).
11
Let o(a) = a**2 + 255*a + 299. Determine o(-252).
-457
Let i(z) = -17*z + 339. Calculate i(-1).
356
Let q(o) = 285*o**2 - 801*o - 128. What is q(3)?
34
Let r(f) = -16161*f - 65124. What is r(-4)?
-480
Let d(i) = -152114*i - 1521147. Determine d(-10).
-7
Let t(i) = 42*i - 5740. Determine t(133).
-154
Let b(z) = -351096*z - 2457677. Calculate b(-7).
-5
Let n(h) = -4*h**2 + 157*h - 1641. Determine n(19).
-102
Let z(i) = 31*i**2 + 46*i + 132. Determine z(-8).
1748
Let h(c) = 12*c**3 - 5897*c**2 + 2468*c - 6350. Give h(491).
33
Let k(w) = -w**3 - 75*w**2 - 7663*w - 601888. Give k(-77).
21
Let v(l) = 17101*l + 290733. What is v(-17)?
16
Let h(l) = -134*l - 893. Give h(-5).
-223
Let o(n) = -11*n**2 - 1252*n - 35459. Give o(-61).
-18
Let a(f) = f**3 - 16*f**2 - 1602*f + 13335. What is a(8)?
7
Let y(h) = -216*h**2 + 1123*h + 1038. Calculate y(6).
0
Let m(h) = 123523*h + 1852852. What is m(-15)?
7
Let l(w) = w**2 - 126*w + 2383. Calculate l(104).
95
Let v(u) = 79*u - 7143. Determine v(96).
441
Let y(t) = 380634*t - 4567606. What is y(12)?
2
Let r(q) = 3147*q - 12753. Calculate r(4).
-165
Let n(r) = r**3 + 35*r**2 - 2665*r - 33. Give n(-72).
39
Let l(h) = -h**3 - 238*h**2 + 1215*h + 126. Determine l(-243).
126
Let y(d) = d**3 - 55*d**2 + 7682*d - 401524. What is y(53)?
4
Let i(q) = -9*q**3 - 31*q**2 + 15*q + 299. Determine i(-3).
218
Let o(y) = -2*y**3 + 136*y**2 + 1351*y + 16301. Give o(78).
-1
Let p(l) = -l**3 - 438*l**2 + 1356*l + 402553. Give p(-439).
-10
Let d(h) = 8*h**3 - 16*h**2 - 94*h - 14. What is d(-4)?
-406
Let l(z) = -16822*z - 66854. Determine l(-4).
434
Let i(j) = 219197*j + 876792. Give i(-4).
4
Let x(t) = 17*t**2 + 260*t - 2604. Calculate x(10).
1696
Let s(a) = 22954*a - 1790457. What is s(78)?
-45
Let q(u) = -4*u**2 - 16040*u - 96104. Determine q(-6).
-8
Let g(l) = -141*l**2 - 647*l - 753. Give g(-3).
-81
Let l(m) = -81*m**2 - 5045*m - 6341. Calculate l(-61).
3
Let v(m) = 102387*m - 73309092. Calculate v(716).
0
Let y(m) = -8*m**3 + 964*m**2 - 443*m - 4457. Determine y(120).
-17
Let u(p) = 775*p + 152. Give u(1).
927
Let a(b) = -17*b**2 + 2616*b - 982. Determine a(155).
-3927
Let y(w) = 203*w - 9943. What is y(49)?
4
Let w(u) = 3*u**2 + 1821*u + 125142. What is w(-528)?
6
Let s(q) = -3*q**3 + 15*q**2 - 1517*q - 3083. Calculate s(-2).
35
Let a(l) = -13*l**3 + 327*l**2 - 54*l + 21. Give a(25).
-79
Let d(o) = -3*o**2 - 310*o + 789. Calculate d(-104).
581
Let i(j) = 2620*j + 71287. Give i(-27).
547
Let z(k) = -665*k**2 + 5275*k - 4335. Calculate z(7).
5
Let z(t) = t**3 - 84*t**2 + 1232*t + 138. What is z(20)?
-822
Let t(w) = -25854*w**3 + 180978*w**2 - 9*w + 66. Calculate t(7).
3
Let h(r) = -26*r**2 + 87*r - 79. Calculate h(1).
-18
Let o(y) = 83*y + 3198. Calculate o(-36).
210
Let t(r) = 1634*r - 52454. Give t(32).
-166
Let j(n) = 7*n**2 - 773*n - 1169. What is j(112)?
63
Let v(c) = c**3 - 88*c**2 + 450*c + 1. Determine v(5).
176
Let x(m) = 1799*m + 18943. What is x(-11)?
-846
Let b(x) = 2*x**3 - 20*x**2 - 186*x + 1611. Calculate b(12).
-45
Let j(q) = q**2 + 285*q + 529. What is j(-284)?
245
Let c(h) = -43*h - 4484. What is c(-87)?
-743
Let m(g) = 2*g**2 - 172*g + 3623. What is m(56)?
263
Let t(y) = -3*y**3 - 182*y**2 - 888*y - 14873. What is t(-57)?
4
Let j(c) = -c**2 + 238*c - 13671. Determine j(160).
-1191
Let x(c) = -89*c**2 + 751*c - 250. What is x(5)?
1280
Let g(u) = -27*u**2 + 123*u - 82. Calculate g(9).
-1162
Let n(w) = -1454*w + 69423. Calculate n(43).
6901
Let t(y) = -4*y**3 - 33*y**2 - 72*y + 14. What is t(-5)?
49
Let w(u) = -3*u**3 + 2792*u**2 - 1675*u - 172044. Calculate w(930).
6
Let r(g) = -30083*g - 60163. What is r(-2)?
3
Let w(f) = 12*f**2 - 993*f + 9288. Determine w(72).
0
Let v(z) = -z**2 - 15*z - 84. What is v(-5)?
-34
Let a(z) = -z**3 + 55*z**2 + 1085*z + 202. What is a(-15)?
-323
Let r(d) = d**3 - 28*d**2 + 191*d + 52. Give r(13).
0
Let s(f) = -43*f + 2007. Determine s(72).
-1089
Let w(p) = p**3 + 11*p**2 - 105*p - 940. Calculate w(-12).
176
Let i(p) = 215*p**2 - 67312*p + 5307. Determine i(313).
-14
Let o(u) = u**3 - 251*u**2 - 18665*u - 283. What is o(-60)?
17
Let s(u) = -130*u**2 - 5*u - 55. Give s(4).
-2155
Let t(d) = -6*d**2 - 2615*d - 12475. What is t(-431)?
24
Let d(l) = 137*l**2 - 1316*l + 28. Give d(11).
2129
Let m(j) = -141*j - 4294. Calculate m(-30).
-64
Let f(v) = -88*v + 16053. Calculate f(182).
37
Let l(m) = -m**2 - 582201*m + 2328822. Determine l(4).
2
Let w(i) = i**3 + 41*i**2 - 356*i + 133. What is w(7)?
-7
Let y(l) = 385*l - 22069. Give y(60).
1031
Let j(g) = 155233*g + 1241960. Calculate j(-8).
96
Let o(l) = -33637*l - 605214. Determine o(-18).
252
Let t(a) = -14*a**2 - 139*a - 178. What is t(-9)?
-61
Let d(b) = b**2 - 520*b + 45097. Determine d(110).
-3
Let x(u) = -11*u**2 - 273*u + 236. Determine x(-24).
452
Let t(w) = -32*w**3 + 25*w**2 - 132*w + 22. Calculate t(4).
-2154
Let x(q) = -17*q**3 - q**2 - 18*q + 23. Give x(3).
-499
Let i(